s divided by 52.
49
Suppose 0*v = 5*v + 10, -256 = -2*u + 2*v. Suppose -62 = -2*m - 2*l, -3*m - 4*l + 28 = -64. What is the remainder when u is divided by m?
30
Let f(r) = 11*r + 4. Let i be f(1). Suppose -8*q + i = -17. Calculate the remainder when 25 is divided by q.
1
Suppose -2*l = -7*l + 145. Let t = 19 - 3. Calculate the remainder when l is divided by t.
13
Let u(h) = -h**2 - 3*h + 6. Let b be u(-8). Let d = b + 53. Let m = -1 + 38. What is the remainder when m is divided by d?
18
Suppose -233*i + 237*i = 468. What is the remainder when i is divided by 4?
1
Let a(q) = q**3 - q**2 + 2*q + 21. Let s(b) = -b**3 - 5*b**2 - 5*b - 4. Let l be s(-4). Calculate the remainder when a(l) is divided by 15/2 + (-1)/(-2).
5
Suppose -3*z + 4*b - 7*b = -54, -3*b + 15 = 0. Suppose -z*m + 36 = -289. What is the remainder when 72 is divided by m?
22
Let h be 2 - -2 - (-7 + 7). Suppose k - x = -h*k + 216, 3*k - x = 128. What is the remainder when k is divided by 9?
8
Suppose 31*t = 25*t + 120. Suppose -8*k = -3*k - t. What is the remainder when (-4)/10 - 291/(-15) is divided by k?
3
Let g(q) = -q + 4. Let d = -17 + 21. Suppose -3*f = -3*y - 24 - 3, -d*f = 4. What is the remainder when 27 is divided by g(y)?
13
Let z(h) = 2*h + 10. Let s be z(7). What is the remainder when ((-1)/3 + (-532)/s)*-2 is divided by 12?
9
Suppose 0 = 34*q - 39*q + 40. Calculate the remainder when 142 is divided by q.
6
Let x be ((-8)/6)/((-480)/(-243) + -2). Suppose -23*o + 21*o = -x. What is the remainder when o is divided by 15?
12
What is the remainder when 31 is divided by (12/(-8))/((-33)/242)?
9
Let u = 6 - -11. Suppose -46*q - 17 = -1489. Calculate the remainder when q is divided by u.
15
Let j(v) = -v + 7. Calculate the remainder when (-3692)/(-611) + (-10)/235 is divided by j(5).
0
Let k = -1033 - -1044. What is the remainder when k is divided by 10?
1
Suppose -12*u = -14*u. Suppose -5*t + 102 = -g - 25, u = -t - 5*g + 15. What is the remainder when 74 is divided by t?
24
Let b be (229 + -1)*(-4)/(-3). Let n be b/32*(1 - 3). What is the remainder when 54 is divided by n/(-5 + 16/4)?
16
Suppose 102 = 8*v + x, 0*v + 5*x = 2*v - 36. What is the remainder when 4835 is divided by v?
12
What is the remainder when (-4529)/(-56) + (-8)/(-64) is divided by 22?
15
Let w be 0/4 - (-1 - -6). Let b(u) = 3*u + 27. Calculate the remainder when 71 is divided by b(w).
11
Suppose 4 - 3 = -c. Calculate the remainder when c/5 - (-318)/15 is divided by 3.
0
Suppose -k + 112 = 3*k. Let h = -1 + 6. What is the remainder when 58 + (h - 2 - 7) is divided by k?
26
Suppose -4*s = 3*z - 392, z - 276 = -z + s. Suppose 2*y + 2*o = -3*y + z, -101 = -4*y + o. What is the remainder when 128 is divided by y?
24
Suppose -5*q + h = -136, 2*q + q - 80 = h. Calculate the remainder when q is divided by 12.
4
Let v(f) = -f**2 + 2*f - 4. Let k = -8 + 12. Let j be v(k). Let a = j + 14. Calculate the remainder when 5 is divided by a.
1
Let c = 697 - 692. Let n(d) = -9*d. Let k be n(-2). Suppose 6*w - k = c*w. Calculate the remainder when w is divided by 7.
4
Let u(p) = 22*p**2 - 1. Let i be 3 + (-6)/27 + 44/36. Suppose -i*l + 60 = -3*l. What is the remainder when l is divided by u(-1)?
18
Suppose 3*y + 3*o = 2271, 3325 = 4*y - 2*o + 315. Calculate the remainder when y is divided by 4.
2
Let a(t) = 9*t + 56. What is the remainder when a(0) is divided by 17?
5
Suppose 28 = 5*p - 82. Calculate the remainder when 259 is divided by p.
17
Suppose 81*h = 77*h + 1196. Calculate the remainder when h is divided by 15.
14
Suppose 0 = -57*c + 54*c + 99. What is the remainder when 66 is divided by c?
0
Suppose -5*z - u + 20 = 0, -z + 3*z - u - 8 = 0. Suppose 5*t - 305 - 26 = -z*i, 3*i = 3*t + 282. Calculate the remainder when i is divided by 30.
29
Let c(x) = 3*x**2 - 26*x - 81. Let w(f) = 116*f**2 + 1. What is the remainder when w(1) is divided by c(-3)?
21
Let f = 18 - 7. Suppose -f*k + 154 + 220 = 0. Calculate the remainder when 67 is divided by k.
33
Suppose r + 0 = 4*p - 14, 0 = 2*p - 4*r. Suppose -p*i = 5*q - 44, -3*q + 3*i = q - 29. Suppose 48 + 76 = 4*b. Calculate the remainder when b is divided by q.
7
Let x = -109 + 112. Suppose 16 = 3*o - 2*y - 31, x*y - 57 = -3*o. Calculate the remainder when 32 is divided by o.
15
Let w(j) = -j**3 - 5*j**2 + 4*j + 5. Let k(m) = m**2 - 8*m + 10. Let p be k(4). Calculate the remainder when w(p) is divided by 5.
2
Let i = 65 + -12. Let h = 1 + 1. Suppose -h*x + 7*x - 70 = 0. What is the remainder when i is divided by x?
11
Suppose 0 = -v - 27 + 55. Let f = -14 + v. Calculate the remainder when f is divided by 7.
0
Let d(l) = -9 + 17*l - 3*l**2 + 3*l**2 + 3*l**2. What is the remainder when d(-8) is divided by 24?
23
Let v(d) = -d**2 - d**3 + 8 - d**2 + d**2. Let f be v(0). Calculate the remainder when 13 is divided by -1 + -2 + 3 + f.
5
Suppose -1843 = -8*b - 11*b. Calculate the remainder when b is divided by 37.
23
Suppose 2*f = 3*q + 31, 9*f - 5*f + 4*q = 52. Suppose g = -f + 28. Calculate the remainder when 137 is divided by g.
11
Calculate the remainder when ((-30933)/42)/((-15)/10) is divided by 55.
51
Let i = 217 - 136. What is the remainder when i is divided by 30?
21
Suppose 41 = -2*j + 131. Suppose 4*k + 4 = -c, c = -4*c + 2*k + 24. Suppose 4*m = c*p - 112, -2*m - 8 = -0*m. Calculate the remainder when j is divided by p.
21
Let r(i) = 3*i + 28. Let u be r(0). Calculate the remainder when 41 is divided by (63/u + -4)/((-1)/12).
20
Let c(y) = -y - 4. Let o be c(-8). What is the remainder when 2*(2079/14)/11 is divided by (2/3)/(o/42)?
6
What is the remainder when 116 is divided by (-105)/49*-19 - 4/(-14)?
34
Let z(c) = -c**3 + 11*c**2 + 20*c + 5. What is the remainder when z(12) is divided by 26?
23
Let z(w) = 9*w + 9. Calculate the remainder when z(6) is divided by 1 + (14 - -3) + -2 + 6.
19
Suppose 5*g - 17*g = -216. Let s = 25 + 46. Calculate the remainder when s is divided by g.
17
Let m = 12 - 7. Let j(o) = -5*o - 16. Let s be j(-8). Let a = s - 0. Calculate the remainder when a is divided by m.
4
Suppose 0 = -7*f + 56 + 42. Suppose 0 = 2*i + 2*t - f, -3*t + 8*t = 5*i - 65. What is the remainder when 79 is divided by i?
9
Suppose 0 = 4*f + z - 172 + 57, -3*z = -9. Calculate the remainder when 75 is divided by f.
19
Suppose 0 = -678*g + 635*g + 2623. What is the remainder when g is divided by ((-2)/(-4))/((-1)/(-32))?
13
Let f(g) be the third derivative of -g**6/120 - 5*g**5/12 - 23*g**4/24 + 14*g**3/3 + 32*g**2. What is the remainder when f(-24) is divided by 3?
1
Let t = -36 + 20. What is the remainder when 6 - t - (-9)/(-3) is divided by 7?
5
Suppose -10*h + 17*h = 1022. Calculate the remainder when h is divided by 15.
11
Suppose r - 12 = -m, -3*r + 2*m = -3*m - 20. Let h = 295 - 146. Suppose -h - 91 = -5*s. What is the remainder when s is divided by r?
8
Let z(f) = 6*f + 74. What is the remainder when 119 is divided by z(-10)?
7
Let n(s) = -s**3 + 7*s**2 - 9*s + 15. Let l be n(6). Let m(o) = -2*o + 3. Calculate the remainder when 24 is divided by m(l).
6
Suppose 2*n - 420 = -2*n. Let u = 1336 - 1309. Calculate the remainder when n is divided by u.
24
Let j = -1 + 11. Let b = -4 + j. What is the remainder when b is divided by 5?
1
Let x be (-216)/(-22) + (-4)/(-22). Suppose 30 - x = 4*l. What is the remainder when (0 - -51)*(-1)/(-3) is divided by l?
2
Suppose -2 = -n + 6. What is the remainder when n is divided by (10/40)/(3/36)?
2
Suppose -4*u = -5*l + 242, -2*l + 71 + 9 = 4*u. Suppose 4*a - 3*y = 111, -a = 2*y + 4 - 18. Calculate the remainder when l is divided by a.
22
Let h(t) = 2 - t**2 + 15 - t**2 + 5 - 26*t. Calculate the remainder when h(-13) is divided by 5.
2
Suppose 18*k + 112 = 4*k. Calculate the remainder when 47 is divided by (2/k)/(1/4) - -11.
7
Let g = -4080 - -4138. Suppose -39 = -5*u + 4*h + 27, -48 = -4*u + 2*h. Calculate the remainder when g is divided by u.
8
Suppose -29*g = -4*g - 325. Suppose 0 = i + 5*m - 31, -45 = 2*i - m - 151. Calculate the remainder when i is divided by g.
12
Suppose -8*b = -6*b - 212. What is the remainder when b is divided by 6?
4
Suppose -4*n - 3*y + 2*y - 3 = 0, 15 = -5*y. Suppose 6 = 3*s, n = 4*h - s - 18 - 0. What is the remainder when 6 is divided by h?
1
Let d(i) = i**2 + 6*i + 6. Let a be d(-4). Let v be (a + 1)*